{"id":45,"date":"2025-01-20T13:58:43","date_gmt":"2025-01-20T13:58:43","guid":{"rendered":"https:\/\/monniesvoorskool.co.za\/?page_id=45"},"modified":"2025-11-20T09:34:10","modified_gmt":"2025-11-20T07:34:10","slug":"skoolreels","status":"publish","type":"page","link":"https:\/\/monniesvoorskool.co.za\/index.php\/skoolreels\/","title":{"rendered":"SKOOLRE\u00ebLS"},"content":{"rendered":"\t\t<div data-elementor-type=\"wp-page\" data-elementor-id=\"45\" class=\"elementor elementor-45\">\n\t\t\t\t<div class=\"elementor-element elementor-element-b0bc890 e-con-full e-flex e-con e-parent\" data-id=\"b0bc890\" data-element_type=\"container\">\n\t\t<div class=\"elementor-element elementor-element-b6e59b1 e-con-full e-flex e-con e-child\" data-id=\"b6e59b1\" data-element_type=\"container\" data-settings=\"{&quot;background_background&quot;:&quot;slideshow&quot;,&quot;background_slideshow_gallery&quot;:[{&quot;id&quot;:101,&quot;url&quot;:&quot;https:\\\/\\\/monniesvoorskool.co.za\\\/wp-content\\\/uploads\\\/2025\\\/01\\\/2-1.png&quot;}],&quot;background_slideshow_loop&quot;:&quot;yes&quot;,&quot;background_slideshow_slide_duration&quot;:5000,&quot;background_slideshow_slide_transition&quot;:&quot;fade&quot;,&quot;background_slideshow_transition_duration&quot;:500}\">\n\t\t\t\t<div class=\"elementor-element elementor-element-44e6a06 elementor-widget__width-inherit elementor-widget elementor-widget-heading\" data-id=\"44e6a06\" data-element_type=\"widget\" data-widget_type=\"heading.default\">\n\t\t\t\t<div class=\"elementor-widget-container\">\n\t\t\t\t\t<h2 class=\"elementor-heading-title elementor-size-default\">SKOOLRE\u00ebLS<br><br><br><br><br><\/h2>\t\t\t\t<\/div>\n\t\t\t\t<\/div>\n\t\t\t\t<\/div>\n\t\t\t\t<div class=\"elementor-element elementor-element-fe8e286 elementor-widget elementor-widget-text-editor\" data-id=\"fe8e286\" data-element_type=\"widget\" data-widget_type=\"text-editor.default\">\n\t\t\t\t<div class=\"elementor-widget-container\">\n\t\t\t\t\t\t\t\t\t<p><span style=\"text-decoration: underline;\"><strong>Dit is vir ons belangrik om sekere re\u00eblings te tref en re\u00ebls neer te l\u00ea rondom die volgende aspekte:<\/strong><\/span><\/p>\t\t\t\t\t\t\t\t<\/div>\n\t\t\t\t<\/div>\n\t\t\t\t<div class=\"elementor-element elementor-element-fc7b7ed elementor-widget elementor-widget-text-editor\" data-id=\"fc7b7ed\" data-element_type=\"widget\" data-widget_type=\"text-editor.default\">\n\t\t\t\t<div class=\"elementor-widget-container\">\n\t\t\t\t\t\t\t\t\t<h2><strong>Versorgingstye \/ Kleuterskool ure:<\/strong> <strong>Maandae tot Vrydae:<\/strong><\/h2>\t\t\t\t\t\t\t\t<\/div>\n\t\t\t\t<\/div>\n\t\t\t\t<div class=\"elementor-element elementor-element-afba6ea elementor-widget elementor-widget-text-editor\" data-id=\"afba6ea\" data-element_type=\"widget\" data-widget_type=\"text-editor.default\">\n\t\t\t\t<div class=\"elementor-widget-container\">\n\t\t\t\t\t\t\t\t\t<p>Voldag: 6:45 \u2013 17:30<br \/>Halfdag: 6:45 \u2013 13:30<\/p><p>Alle kinders moet by aankoms in die sorg van \u2018n personeellid gelaat word.<br \/>Monnies Voorskool is naweke en vakansiedae gesluit asook tydens enkel<br \/>werksdae wat val op skoolvakansiedae. Ons is tydens die Kersseisoen<br \/>gesluit vanaf die einde van die skoolkwartaal vir ongeveer 4 weke. Die<br \/>spesifieke datums sal op die jaarprogram verskyn.<\/p>\t\t\t\t\t\t\t\t<\/div>\n\t\t\t\t<\/div>\n\t\t\t\t<div class=\"elementor-element elementor-element-4b71384 elementor-widget elementor-widget-text-editor\" data-id=\"4b71384\" data-element_type=\"widget\" data-widget_type=\"text-editor.default\">\n\t\t\t\t<div class=\"elementor-widget-container\">\n\t\t\t\t\t\t\t\t\t<h2><strong>Afhaal van leerders:<\/strong><\/h2>\t\t\t\t\t\t\t\t<\/div>\n\t\t\t\t<\/div>\n\t\t\t\t<div class=\"elementor-element elementor-element-0306b7a elementor-widget elementor-widget-text-editor\" data-id=\"0306b7a\" data-element_type=\"widget\" data-widget_type=\"text-editor.default\">\n\t\t\t\t<div class=\"elementor-widget-container\">\n\t\t\t\t\t\t\t\t\t<p>Toestemming, per e-pos of whatsapp moet deur ouers\/voogde gegee word indien daar gere\u00ebl is dat \u2018n ander person (anders as die ouers\/voogde) kleuters kom haal. Indien moontlik moet die boodskap van \u2018n foto vergesel word.<br \/>Ons eerste prioriteit is om ons kleuters se veiligheid te verseker en om te verseker dat ons onderwyseresse te alle tye behoorlik ingelig is. Ons versoek dus dat u hierdie re\u00ebling getrou nakom.<\/p>\t\t\t\t\t\t\t\t<\/div>\n\t\t\t\t<\/div>\n\t\t\t\t<div class=\"elementor-element elementor-element-bf1ff66 elementor-widget elementor-widget-text-editor\" data-id=\"bf1ff66\" data-element_type=\"widget\" data-widget_type=\"text-editor.default\">\n\t\t\t\t<div class=\"elementor-widget-container\">\n\t\t\t\t\t\t\t\t\t<h2><strong>Etenstye:<\/strong><\/h2>\t\t\t\t\t\t\t\t<\/div>\n\t\t\t\t<\/div>\n\t\t\t\t<div class=\"elementor-element elementor-element-d3fa733 elementor-widget elementor-widget-text-editor\" data-id=\"d3fa733\" data-element_type=\"widget\" data-widget_type=\"text-editor.default\">\n\t\t\t\t<div class=\"elementor-widget-container\">\n\t\t\t\t\t\t\t\t\t<p>Ontbyt: Word self voorsien tuis (tensy\u00a0anders gere\u00ebl)<br \/>Oggendhappie: 10:00 &#8211; Self voorsien (broodjie, vrug en sap\/water)<br \/>Middagete: 12:00 &#8211; Soos op spyskaart op Kennisgewingbord<br \/>Middaghappie: 14:30 &#8211; Sap en toebroodjies (deur skool voorsien)<\/p>\t\t\t\t\t\t\t\t<\/div>\n\t\t\t\t<\/div>\n\t\t\t\t<div class=\"elementor-element elementor-element-5b999b2 elementor-widget elementor-widget-text-editor\" data-id=\"5b999b2\" data-element_type=\"widget\" data-widget_type=\"text-editor.default\">\n\t\t\t\t<div class=\"elementor-widget-container\">\n\t\t\t\t\t\t\t\t\t<h2><strong>Mediese versorging<\/strong><\/h2>\t\t\t\t\t\t\t\t<\/div>\n\t\t\t\t<\/div>\n\t\t\t\t<div class=\"elementor-element elementor-element-5a9ca7b elementor-widget elementor-widget-text-editor\" data-id=\"5a9ca7b\" data-element_type=\"widget\" data-widget_type=\"text-editor.default\">\n\t\t\t\t<div class=\"elementor-widget-container\">\n\t\t\t\t\t\t\t\t\t<p>Monnies Voorskool aanvaar geen aanspreeklikheid vir die toediening vanmedikasie, tensy dit duidelik gemerk en in die medisynehouer geplaas is nie. (Nie in die tas nie.)<\/p><p>ALLE medisyne moet soggens deur ouers in die medisyneregister aangeteken word met die tyd van toediening en hoeveelhede. Ouers kan medisyne in die medisynehouer b\u00eare.<\/p><p>In die geval waar kind(ers) koors ontwikkel gedurende skoolure, sal telefonies toestemming verkry word om medikasie toe te dien, waarna dit deur die betrokke onderwyseres in die medisyneregister aangeteken sal word. Koorsmedisyne sal slegs toegedien word indien toestemming deur die ouer ontvang is.<\/p><p>Waar kinders siek word tydens skoolure sal die skool die kind(ers) se ouers kontak en moet die kind(ers) so gou moontlik afgehaal word.<\/p><p><strong>Aansteeklike siektes<\/strong><br \/>U word versoek om nie u kind met \u2018n aansteeklike kindersiekte of enige ander aansteeklike siekte skooltoe te stuur nie.<br \/>Waar aansteeklike siektes gediagnoseer is moet kind(ers) tuis versorg word totdat hulle nie meer aansteeklik is nie-(selfs in gevalle van ligte koors en maagaandoenings.)Die personeel sal genoodsaak wees om kinders huistoe te stuur indien hulle siek skooltoe gestuur word.<\/p>\t\t\t\t\t\t\t\t<\/div>\n\t\t\t\t<\/div>\n\t\t\t\t<div class=\"elementor-element elementor-element-f8bc373 elementor-widget elementor-widget-text-editor\" data-id=\"f8bc373\" data-element_type=\"widget\" data-widget_type=\"text-editor.default\">\n\t\t\t\t<div class=\"elementor-widget-container\">\n\t\t\t\t\t\t\t\t\t<h2>Kopluise<\/h2>\t\t\t\t\t\t\t\t<\/div>\n\t\t\t\t<\/div>\n\t\t\t\t<div class=\"elementor-element elementor-element-08cf5ec elementor-widget elementor-widget-text-editor\" data-id=\"08cf5ec\" data-element_type=\"widget\" data-widget_type=\"text-editor.default\">\n\t\t\t\t<div class=\"elementor-widget-container\">\n\t\t\t\t\t\t\t\t\t<p>Kopluise maak van tyd tot tyd hulle verskyning in enige skool, ons sien hierdie saak in \u2018n <strong>ernstige lig<\/strong>. Indien daar kopluise op kind(ers) se koppe gevind word sal ouers versoek word om hul kind(ers) by die skool te kom haal. Kind(ers) sal nie by die skool terug ontvang word indien <strong>ALLE<\/strong> tekens van luise en nete van die kop verwyder is nie, aangesien dit ander kinders mag besmet.\u00a0<\/p>\t\t\t\t\t\t\t\t<\/div>\n\t\t\t\t<\/div>\n\t\t\t\t<div class=\"elementor-element elementor-element-a4ac77c elementor-widget elementor-widget-text-editor\" data-id=\"a4ac77c\" data-element_type=\"widget\" data-widget_type=\"text-editor.default\">\n\t\t\t\t<div class=\"elementor-widget-container\">\n\t\t\t\t\t\t\t\t\t<h2><strong>Speelgoed en Kos<\/strong><\/h2>\t\t\t\t\t\t\t\t<\/div>\n\t\t\t\t<\/div>\n\t\t\t\t<div class=\"elementor-element elementor-element-037278a elementor-widget elementor-widget-text-editor\" data-id=\"037278a\" data-element_type=\"widget\" data-widget_type=\"text-editor.default\">\n\t\t\t\t<div class=\"elementor-widget-container\">\n\t\t\t\t\t\t\t\t\t<p><strong>Speelgoed:<\/strong><br \/><strong>Kleuters word nie toegelaat om enige speelgoed van die huis af saam te bring skooltoe nie<\/strong>. Ons weet dat daar altyd \u2018n behoefte is om speelgoed saam te bring. Daarom het ons \u2018n re\u00ebling om die laaste Vrydag van \u2018n maand <span style=\"text-decoration: underline;\">\u201cSPEELGOED-DAG\u201d<\/span> te maak. Ons versoek dat daar nie elektroniese speelgoed in die vorm van tablette en telefone skooltoe sal kom nie. Moet ook nie duur speelgoed stuur nie, aangesien ons nie verantwoordelikheid kan neem vir die toestand waarin die items terugbesorg word nie.<\/p><p><strong>Kos:<\/strong><br \/>Monnies Voorskool verseker dat elke kleuter elke dag gesonde en<br \/>gebalanseerde etes kry. Daar word van u verwag om vir Happietyd \u2018n<br \/>gesonde kosblik te pak met beperkte suikerinhoud. <strong>Geen gaskoeldranke nie.<\/strong><\/p>\t\t\t\t\t\t\t\t<\/div>\n\t\t\t\t<\/div>\n\t\t\t\t<div class=\"elementor-element elementor-element-06aabf8 elementor-widget elementor-widget-text-editor\" data-id=\"06aabf8\" data-element_type=\"widget\" data-widget_type=\"text-editor.default\">\n\t\t\t\t<div class=\"elementor-widget-container\">\n\t\t\t\t\t\t\t\t\t<h2><strong>Buitemuurse aktiwiteite<\/strong><\/h2>\t\t\t\t\t\t\t\t<\/div>\n\t\t\t\t<\/div>\n\t\t\t\t<div class=\"elementor-element elementor-element-14d610a elementor-widget elementor-widget-text-editor\" data-id=\"14d610a\" data-element_type=\"widget\" data-widget_type=\"text-editor.default\">\n\t\t\t\t<div class=\"elementor-widget-container\">\n\t\t\t\t\t\t\t\t\t<p>Die volgende aktiwiteite sal deur buite- personeel aangebied word na gelang van die belangstelling:<br \/>\u2022 Playball<br \/>\u2022 Besige Lyfies (Wiskunde met beweging)<br \/>\u2022 Dance Mouse<br \/>\u2022 Ballet<br \/>\u2022 Muddy Buddies (Pottery)<\/p>\t\t\t\t\t\t\t\t<\/div>\n\t\t\t\t<\/div>\n\t\t\t\t<\/div>\n\t\t<div class=\"elementor-element elementor-element-2f45e6d e-flex e-con-boxed e-con e-parent\" data-id=\"2f45e6d\" data-element_type=\"container\">\n\t\t\t\t\t<div class=\"e-con-inner\">\n\t\t\t\t<div class=\"elementor-element elementor-element-40b392e elementor-widget elementor-widget-image\" data-id=\"40b392e\" data-element_type=\"widget\" data-widget_type=\"image.default\">\n\t\t\t\t<div class=\"elementor-widget-container\">\n\t\t\t\t\t\t\t\t\t\t\t\t\t\t\t<img fetchpriority=\"high\" decoding=\"async\" width=\"1024\" height=\"307\" src=\"https:\/\/monniesvoorskool.co.za\/wp-content\/uploads\/2025\/01\/1-1-1024x307.png\" class=\"attachment-large size-large wp-image-100\" alt=\"\" srcset=\"https:\/\/monniesvoorskool.co.za\/wp-content\/uploads\/2025\/01\/1-1-1024x307.png 1024w, https:\/\/monniesvoorskool.co.za\/wp-content\/uploads\/2025\/01\/1-1-300x90.png 300w, https:\/\/monniesvoorskool.co.za\/wp-content\/uploads\/2025\/01\/1-1-768x230.png 768w, https:\/\/monniesvoorskool.co.za\/wp-content\/uploads\/2025\/01\/1-1-1536x461.png 1536w, https:\/\/monniesvoorskool.co.za\/wp-content\/uploads\/2025\/01\/1-1-2048x614.png 2048w, https:\/\/monniesvoorskool.co.za\/wp-content\/uploads\/2025\/01\/1-1-1920x576.png 1920w\" sizes=\"(max-width: 1024px) 100vw, 1024px\" \/>\t\t\t\t\t\t\t\t\t\t\t\t\t\t\t<\/div>\n\t\t\t\t<\/div>\n\t\t\t\t\t<\/div>\n\t\t\t\t<\/div>\n\t\t\t\t<\/div>\n\t\t","protected":false},"excerpt":{"rendered":"<p>SKOOLRE\u00ebLS Dit is vir ons belangrik om sekere re\u00eblings te tref en re\u00ebls neer te l\u00ea rondom die volgende aspekte: Versorgingstye \/ Kleuterskool ure: Maandae tot Vrydae: Voldag: 6:45 \u2013 17:30Halfdag: 6:45 \u2013 13:30 Alle kinders moet by aankoms in die sorg van \u2018n personeellid gelaat word.Monnies Voorskool is naweke en vakansiedae gesluit asook tydens&hellip; <br \/> <a class=\"read-more\" href=\"https:\/\/monniesvoorskool.co.za\/index.php\/skoolreels\/\">Read more<\/a><\/p>\n","protected":false},"author":1,"featured_media":16,"parent":0,"menu_order":0,"comment_status":"closed","ping_status":"closed","template":"elementor_theme","meta":{"footnotes":""},"class_list":["post-45","page","type-page","status-publish","has-post-thumbnail","hentry"],"_links":{"self":[{"href":"https:\/\/monniesvoorskool.co.za\/index.php\/wp-json\/wp\/v2\/pages\/45","targetHints":{"allow":["GET"]}}],"collection":[{"href":"https:\/\/monniesvoorskool.co.za\/index.php\/wp-json\/wp\/v2\/pages"}],"about":[{"href":"https:\/\/monniesvoorskool.co.za\/index.php\/wp-json\/wp\/v2\/types\/page"}],"author":[{"embeddable":true,"href":"https:\/\/monniesvoorskool.co.za\/index.php\/wp-json\/wp\/v2\/users\/1"}],"replies":[{"embeddable":true,"href":"https:\/\/monniesvoorskool.co.za\/index.php\/wp-json\/wp\/v2\/comments?post=45"}],"version-history":[{"count":22,"href":"https:\/\/monniesvoorskool.co.za\/index.php\/wp-json\/wp\/v2\/pages\/45\/revisions"}],"predecessor-version":[{"id":230,"href":"https:\/\/monniesvoorskool.co.za\/index.php\/wp-json\/wp\/v2\/pages\/45\/revisions\/230"}],"wp:featuredmedia":[{"embeddable":true,"href":"https:\/\/monniesvoorskool.co.za\/index.php\/wp-json\/wp\/v2\/media\/16"}],"wp:attachment":[{"href":"https:\/\/monniesvoorskool.co.za\/index.php\/wp-json\/wp\/v2\/media?parent=45"}],"curies":[{"name":"wp","href":"https:\/\/api.w.org\/{rel}","templated":true}]}}